13.
200
What is the remainder when 11465397 is divided by 11465207?
190
What is the remainder when 383347376 is divided by 22?
16
Calculate the remainder when 27394584 is divided by 27394549.
35
Calculate the remainder when 332768 is divided by 27618.
1352
What is the remainder when 22238219 is divided by 223?
213
Calculate the remainder when 2935439 is divided by 79.
36
What is the remainder when 450811 is divided by 8?
3
Calculate the remainder when 413769 is divided by 4645.
364
Calculate the remainder when 50549 is divided by 50531.
18
What is the remainder when 2144008 is divided by 64?
8
Calculate the remainder when 2513072 is divided by 279228.
20
Calculate the remainder when 1378371 is divided by 459454.
9
What is the remainder when 21767990 is divided by 83723?
10
What is the remainder when 2909036 is divided by 2909019?
17
Calculate the remainder when 142469772 is divided by 25.
22
Calculate the remainder when 13629356 is divided by 6814672.
12
What is the remainder when 39560236 is divided by 4395574?
70
Calculate the remainder when 385788 is divided by 1549.
87
What is the remainder when 727564 is divided by 181515?
1504
Calculate the remainder when 874440 is divided by 79494.
6
What is the remainder when 10609 is divided by 9743?
866
Calculate the remainder when 9016 is divided by 7664.
1352
What is the remainder when 1876095 is divided by 234493?
151
Calculate the remainder when 34244855 is divided by 162.
161
What is the remainder when 42135078 is divided by 11?
7
What is the remainder when 33357258 is divided by 1309?
11
Calculate the remainder when 29783097 is divided by 60.
57
Calculate the remainder when 11703079 is divided by 11703057.
22
What is the remainder when 467659 is divided by 222?
127
Calculate the remainder when 130632917 is divided by 134396.
5
Calculate the remainder when 513459 is divided by 1252.
139
Calculate the remainder when 5771230 is divided by 2.
0
What is the remainder when 206715 is divided by 147?
33
Calculate the remainder when 2915965 is divided by 224225.
1040
What is the remainder when 12334127 is divided by 585?
572
What is the remainder when 561242 is divided by 578?
4
What is the remainder when 84370982 is divided by 69?
59
What is the remainder when 2994831 is divided by 2939?
2929
What is the remainder when 581293 is divided by 145222?
405
What is the remainder when 268524799 is divided by 384706?
11
Calculate the remainder when 11808074 is divided by 14.
12
What is the remainder when 101715 is divided by 18575?
8840
Calculate the remainder when 37000929 is divided by 61.
37
Calculate the remainder when 203061441 is divided by 5972395.
11
Calculate the remainder when 2927444 is divided by 265.
254
Calculate the remainder when 983506 is divided by 109242.
328
What is the remainder when 128549 is divided by 6110?
239
Calculate the remainder when 113579 is divided by 1211.
956
Calculate the remainder when 1269201 is divided by 75.
51
What is the remainder when 121606 is divided by 1067?
1035
Calculate the remainder when 8051361 is divided by 660.
21
What is the remainder when 2739879 is divided by 152?
79
What is the remainder when 440756 is divided by 984?
908
What is the remainder when 2242 is divided by 284?
254
What is the remainder when 568832 is divided by 3491?
3290
Calculate the remainder when 36597 is divided by 366.
363
Calculate the remainder when 240890 is divided by 7078.
238
What is the remainder when 55003828 is divided by 2590?
2588
Calculate the remainder when 703540 is divided by 133.
103
What is the remainder when 114944805 is divided by 66?
63
Calculate the remainder when 206184 is divided by 103082.
20
Calculate the remainder when 85080 is divided by 265.
15
Calculate the remainder when 12450078 is divided by 1376.
30
What is the remainder when 15958140 is divided by 41?
38
What is the remainder when 2269210 is divided by 3720?
10
Calculate the remainder when 25417 is divided by 7547.
2776
What is the remainder when 1625874 is divided by 5665?
19
Calculate the remainder when 321393965 is divided by 80348489.
9
What is the remainder when 5487457 is divided by 1371857?
29
What is the remainder when 8365180 is divided by 1195020?
40
Calculate the remainder when 2475963 is divided by 1723.
12
Calculate the remainder when 4356590 is divided by 5643.
194
Calculate the remainder when 310404430 is divided by 3945.
3940
Calculate the remainder when 2568710 is divided by 285391.
191
What is the remainder when 537425 is divided by 1108?
45
What is the remainder when 1159449 is divided by 128826?
15
What is the remainder when 41248766 is divided by 35?
6
What is the remainder when 3924887 is divided by 58?
27
Calculate the remainder when 85590 is divided by 911.
867
Calculate the remainder when 161918 is divided by 80746.
426
Calculate the remainder when 971318 is divided by 846.
110
What is the remainder when 2238615 is divided by 17?
4
Calculate the remainder when 632194 is divided by 2887.
2828
What is the remainder when 512290799 is divided by 138121?
10
Calculate the remainder when 50981 is divided by 56.
21
Calculate the remainder when 317113 is divided by 1389.
421
What is the remainder when 41082551 is divided by 1286?
1281
Calculate the remainder when 227677 is divided by 11866.
2223
Calculate the remainder when 727012 is divided by 8866.
0
What is the remainder when 1546533 is divided by 1200?
933
What is the remainder when 11855721 is divided by 12?
9
What is the remainder when 24261 is divided by 1?
0
What is the remainder when 265245 is divided by 7167?
66
What is the remainder when 80959675 is divided by 26986554?
13
What is the remainder when 11564690 is divided by 23363?
5
What is the remainder when 47518083 is divided by 24?
3
Calculate the remainder when 1280234 is divided by 20003.
42
Calculate the remainder when 54487587 is divided by 109854.
3
What is the remainder when 16961910 is divided by 2953?
2831
Calculate the remainder when 786177 is divided by 6.
3
Calculate the remainder when 62063506 is divided by 1383.
1381
What is the remainder when 236466 is divided by 190?
106
What is the remainder when 540209319 is divided by 26?
13
Calculate the remainder when 11981266 is divided by 2681.
2558
What is the remainder when 974862 is divided by 162477?
0
Calculate the remainder when 5235486 is divided by 6270.
36
Calculate the remainder when 252932 is divided by 4535.
3507
What is the remainder when 653910 is divided by 351?
348
Calculate the remainder when 6795887 is divided by 4.
3
Calculate the remainder when 23278178 is divided by 135.
128
What is the remainder when 5753942 is divided by 309?
53
Calculate the remainder when 65628988 is divided by 100.
88
What is the remainder when 1555413 is divided by 47103?
1014
Calculate the remainder when 483422 is divided by 483422.
0
What is the remainder when 81857 is divided by 5423?
512
Calculate the remainder when 500477 is divided by 87.
53
Calculate the remainder when 8193482 is divided by 40.
2
What is the remainder when 6371662 is divided by 75853?
10
What is the remainder when 221919 is divided by 4068?
2247
Calculate the remainder when 4830822 is divided by 805115.
132
Calculate the remainder when 5598600 is divided by 33325.
0
Calculate the remainder when 4874818 is divided by 696362.
284
Calculate the remainder when 197126 is divided by 1644.
1490
Calculate the remainder when 200449 is divided by 12521.
113
What is the remainder when 63704 is divided by 7895?
544
What is the remainder when 181859 is divided by 3367?
41
What is the remainder when 23641185 is divided by 186?
27
What is the remainder when 10417235 is divided by 2710?
2705
Calculate the remainder when 5482994 is divided by 1892.
1870
What is the remainder when 608537 is divided by 144?
137
What is the remainder when 1448509 is divided by 100?
9
What is the remainder when 114834879 is divided by 10?
9
What is the remainder when 871137 is divided by 20737?
183
Calculate the remainder when 196876995 is divided by 100.
95
What is the remainder when 60066585 is divided by 16?
9
Calculate the remainder when 166417167 is divided by 1770.
1767
What is the remainder when 8907194 is divided by 8907137?
57
What is the remainder when 18153723 is divided by 